r) = -4*r**t + 10 + 2*r**2 - r + 3*r**2 + 9*r. Give i(-7).
3
Let h(m) = 7*m. Let q be h(1). Let p(i) = 170*i + i**3 - 6 + 177*i + 173*i - 510*i - 4*i**2 - 4*i**2. Determine p(q).
15
Suppose -2*v + 8 = 2*o, -o - 2 = -4*v - 11. Suppose -k - o = 2. Let x(z) = -z**3 - 8*z**2 - 5*z + 10. Give x(k).
-4
Suppose -3*g - 2 = 10. Let b be 3/(-36)*g*-3*-1. Let i(u) be the third derivative of u**4/12 + u**3/6 - u**2. Determine i(b).
3
Let o = 18 + -7. Let k(a) = o*a + 2 + a**2 - 17*a - 10. Calculate k(7).
-1
Let c = 7 + -5. Let r(s) = -4*s + 17 - 9 + 7*s + s - 11. Give r(c).
5
Suppose -3*s = -s - 4. Suppose 3*p - s*p - 14 = -5*w, 4*w = -2*p + 10. Let h(r) be the third derivative of -r**5/60 - r**4/12 + 2*r**3/3 + 605*r**2. Give h(w).
-11
Suppose 8*n - 9 = 7. Let v(i) = -11*i + 25*i - 9*i + i**n. Determine v(-5).
0
Let w(s) = -25*s**3 + s**2 + 2*s + 1. Let k be (-44)/16 + 3/4. Let b be ((-44)/66)/(k/(-3)). What is w(b)?
25
Let h(m) = -2*m. Let i(v) = 3*v - 6. Let g(p) = 2*h(p) + i(p). Let u(w) = -w**2 - 8*w - 12. Let a be u(-6). Give g(a).
-6
Let f(v) = 3*v**2 + 3*v + 1. Let n(k) = k**2 - 7*k - 11. Let y be n(8). Let g = -5 - y. What is f(g)?
7
Let v(s) be the second derivative of -1/6*s**3 + 10*s + 0 + 1/24*s**4 + 7/120*s**5 + 0*s**2. Let y(i) be the second derivative of v(i). Determine y(-1).
-6
Let h(l) = l**2 + 4*l + 1. Suppose -2*s = -4*q + 9 + 17, 3*s + 3 = 2*q. Let n = q - -16. Suppose n = -6*t + 2*t + r, 3*r = 15. Calculate h(t).
6
Let x(v) = v + 12. Let j be x(-9). Let u(n) = -142*n**3 + 282*n**3 + 5*n**2 - 3*n - 141*n**j + 2. Give u(2).
8
Let d(u) = -u**2 + 7*u - 6. Let g = -2 - -6. Suppose -g*w = w. Let x = w - -7. Give d(x).
-6
Let t(x) = -6*x + 14*x**3 - 13*x**3 + 4 + 5*x**2 + x. Let a be (-2 - (-3 - -2))*-1. Let i be (-4)/(-4) - 7*a. Give t(i).
-2
Let h(k) = -k. Let p(q) = -q + 5. Let c(m) = 2*h(m) - p(m). Calculate c(-4).
-1
Let w(l) = -7 + 3 - 2*l**2 + 3 + 2 - 7*l. Let x be w(-3). Let j(v) = -2*v**2 - 2*v - v**3 + v**2 + 6*v**2 - 2. What is j(x)?
6
Let l(c) = -c**2 + 2. Let r(o) = -o**3 + 3*o**2 + 4*o + 2. Let t be r(4). Let a be ((-1)/t)/((-3)/18). Suppose 0*y = -a*y. Determine l(y).
2
Let b be 3/((-1)/(10/(-3))). Let m(p) = 9*p**2 - b*p**2 - 59 + 56 - 7*p. Determine m(-7).
-3
Let k = -154 + 151. Let y be 1/(1 + (-4)/5). Let m(a) = 4*a - 3. Let g(h) = 6*h - 4. Let s(l) = y*g(l) - 7*m(l). Give s(k).
-5
Let v(i) be the third derivative of -i**7/2520 - i**6/360 + i**5/120 - i**4/12 - 12*i**2. Let b(w) be the second derivative of v(w). Give b(3).
-14
Suppose -2*d = 3*l - 34, -d + 2*l - 36 = -3*d. Suppose 4*b + b - d = 0. Let z(q) = -5*q + 5. Calculate z(b).
-15
Suppose -k - 32 = 3*v, 4 - 54 = 5*v + 5*k. Let b(f) = f**2 + 12*f - 1. Give b(v).
-12
Let v(t) be the second derivative of -2*t**5/5 + t**4/6 - t**3/3 + t**2/2 - t + 23. Let y = 1 - 0. Give v(y).
-7
Let d = 131 - 129. Suppose -d*f - 21 = -9*f. Let o(a) = 3*a + 1. What is o(f)?
10
Let k be 12/(-10) - (-78)/15. Let v(m) be the second derivative of m**4/12 - m**3/3 - m**2 - m. Determine v(k).
6
Let n(d) = -d**3 + 10*d**2 - 22*d - 4. Let k be n(7). Let f(x) = x**2 + 12*x. What is f(k)?
-11
Suppose -d - 4*d - 6 = 2*l, -3 = -2*d + l. Let w(y) = 2 + y + d*y**2 - 2*y**2 + y**2 + 0*y**2. Determine w(2).
0
Let u(y) = 5*y**3 + y**2 - 10*y - 3. Let h(v) = -9*v**3 - 3*v**2 + 19*v + 6. Let z(w) = -4*h(w) - 7*u(w). Let p = -213 - -207. Determine z(p).
-3
Let o(k) be the first derivative of -1/60*k**5 - 11 - 2*k**3 + 1/6*k**4 + 0*k + 0*k**2. Let u(m) be the third derivative of o(m). Determine u(4).
-4
Let s(m) = 27 + 7*m**3 + m - 6 - 9*m**3 - 5*m**2 + 12*m**2. Let f(i) = -i**3 + 4*i**2 + i + 10. Let p(y) = 5*f(y) - 2*s(y). What is p(7)?
-20
Suppose 3*i + k - 3*k = 56, 3*k + 94 = 5*i. Let j be 5/i + (-25)/4. Let q(f) = 6*f + 0*f**2 - 3*f**2 + 4*f**2 - 7. What is q(j)?
-7
Let v = -935 + 941. Let d(j) = -j**3 + 7*j**2 - 2*j. Give d(v).
24
Let i(h) = -h + 1. Suppose 4*p + 3*u - 10 = 1, 5*p + 20 = 3*u. Calculate i(p).
2
Let n be (23/((-575)/(-10)))/((-2)/30). Let g(u) = -2*u - 9. What is g(n)?
3
Let c be 0*(-2 + (-9)/(-3)). Suppose c*m = -4*m + 16. Let t(s) = 2*s**2 - s - s + m*s. Calculate t(-2).
4
Let b(f) = -5 - 49*f**2 + 85*f**2 - 37*f**2 + 5*f - f. Let o(c) = -c**2 + 7*c - 6. Let i be o(4). What is b(i)?
-17
Let k(w) = w**3 - 7. Let u(q) = 4*q**3 + q**2 + q - 25. Let r(z) = 7*k(z) - 2*u(z). Suppose 3*m - 2*l + 8 = -l, -5*l = -10. What is r(m)?
5
Let o(l) = l - 16. Suppose -4*y = 2*i - 284, -i - i + 287 = y. Suppose -24*t + i = -12*t. Determine o(t).
-4
Let l(z) = -z**3 + 9*z**2 - 9*z - 10. Let s = 73 + -65. What is l(s)?
-18
Let d(r) = -r**3 - 6*r**2 + r - 1. Suppose -25*q + 15 = -20*q. Suppose -3*b - 15 = -4*p + q*p, -2*p - 6 = 0. Give d(b).
-7
Let o(d) be the second derivative of d**5/20 + 17*d**4/12 - 17*d**3/6 + 9*d**2/2 - 26*d + 6. What is o(-18)?
-9
Let j(s) = 8*s + 1. Suppose 7*m - 2 + 16 = 0. Let q be (m/(-6))/((-2)/6). Determine j(q).
-7
Let o = -118319/120 + 986. Let m(k) be the third derivative of 1/2*k**3 + 2*k**2 + o*k**6 + 0*k + 1/12*k**5 + 1/12*k**4 + 0. Calculate m(-5).
-7
Let z(k) = 6*k + 6. Let x(f) = -5*f - 5. Let m(u) = 7*x(u) + 6*z(u). Give m(0).
1
Suppose -5*t + 27 = -0*i + 2*i, 24 = 2*i + 2*t. Let p(a) = -i*a**2 + 0 + 10*a**2 + 3*a - 1. Give p(4).
-5
Let w(d) = d - 8. Let j = -1423 - -1435. Give w(j).
4
Let g(d) = -d**2 - 2 + 5 - 12 - 6*d + 5*d - 1. Let f = 2 - 2. What is g(f)?
-10
Let x(z) be the third derivative of -z**4/24 + 19*z**3/6 + 11*z**2 + z. Determine x(17).
2
Let n(w) = w**2 + 8*w + 9. Suppose 0 = 5*j + t + 62, -4*j + 3*t - t - 44 = 0. Let f be -3*((-16)/j - 2). Suppose r + 4 = -f. Give n(r).
-3
Let b be (0 + -8 - -7)*-5. Let z(m) = m**3 - 5*m**2 + m - 3. Give z(b).
2
Let k(y) = 10*y + 37. Let j(g) = 7*g + 2. Let d(s) = -2*j(s) + k(s). Calculate d(9).
-3
Suppose -4*m = -4*x - 16, 5*x - 9 = -5*m - 29. Let p(l) = -l**2 - l - 19 + m*l**2 + 0*l + 20. Give p(1).
-1
Let n(l) = -16*l - 12. Let o(x) = 9*x - 181. Let j be o(20). Calculate n(j).
4
Suppose -4*p + 2 = 6. Let j be (p/(-3))/((-1)/(-6)). Let u(d) = -d**2 - 6*d. Let s(b) = -3*b**2 - 13*b - 1. Let w(f) = -2*s(f) + 5*u(f). Calculate w(j).
-2
Let f = 42 + 99. Let y = -145 + f. Let w(j) = 3*j**2 + 6*j + 5. Determine w(y).
29
Suppose f + g + 3*g = 6, -5*f + 9 = -g. Let s(y) = -f*y + 8*y**2 - 4*y**2 + 3 - y**3 + 0*y**3. Suppose -4*l = -3*u - 0*l + 8, 5*u + l = 21. Calculate s(u).
-5
Let x(b) = -26*b + 2. Let c be x(-1). Let i = 46 - c. Suppose 1 = 3*g - 4*s, -g + 4*s + 5 = i. Let q(m) = m**3 - 7*m**2 + m - 10. Determine q(g).
-3
Let d(a) = -a**2 + 7*a - 5. Let n(i) = i**2 - i - 25. Let g be n(0). Let h = -19 - g. What is d(h)?
1
Suppose 4*p - 5*g = 5, 5*g - 9 = 3*p - 19. Let o(x) be the first derivative of x**4/4 + 2*x**3 + 5*x**2/2 + 7*x - 1. Determine o(p).
7
Let h(b) = -13*b**2 - 27*b + 10. Let k(j) = -8*j**2 - 18*j + 7. Let i(a) = 5*h(a) - 8*k(a). Give i(8).
2
Let h(i) = i**2 + 5*i - 2. Let m be (-50)/(-18) + 4/18. Let o = m + -12. Let l = o - -4. Give h(l).
-2
Suppose 15 = 3*h + t + 2, 0 = 5*t - 5. Let i(k) = 0*k - 2*k - 4 + h*k. Let o = 672 - 667. What is i(o)?
6
Let a(m) be the second derivative of -3*m**4/8 + m**3/6 + 8*m**2 + 12*m. Let q(v) be the first derivative of a(v). Calculate q(2).
-17
Let p(z) = -9*z - 12. Let t(l) = 14*l + 21. Let c(r) = -5*p(r) - 3*t(r). Give c(-6).
-21
Let q(p) = 11*p - 38. Let s(n) = -4*n + 13. Let r(k) = -3*q(k) - 8*s(k). Let o(y) = 32*y - 153. Let i be o(5). Calculate r(i).
3
Let x(v) be the first derivative of -19*v**7/840 + v**5/60 - v**4/24 + 2*v**3 + 8. Let u(s) be the third derivative of x(s). Calculate u(1).
-18
Let t = 11 + -13. Let i(d) be the second derivative of d**4/3 + d**3/2 + 3*d**2/2 - 5*d. What is i(t)?
13
Let c(y) = y**2 + 8*y + 11. Let w(u) = u**3 + 10*u**2 + 4*u + 35. Let f be w(-10). Give c(f).
-4
Let u(l) = l**2 - 6*l - 4. Let d(b) = -4*b**2 + 19*b + 11. Let x(q) = 2*d(q) + 7*u(q). Suppose 2*w = 21 - 7. Suppose 8 + 20 = -w*n. What is x(n)?
-6
Let r(h) = -h**3 + h**2 + h + 11. Let a(v) = v**2 - 8*v + 2. Let b be a(8). Suppose -3*x - 5 = 5*k - 0*k, -b*x + 3*k = -3. Suppose x = -6*l + l. Calculate r(l).
11
Let n(p) = -4*p - 1. Suppose 3*a = -0 + 9. Let j = a - 0. Calculate n(j).
-13
Let g = -16 + 15. Let r = -4 - g. Let d(t) = -4*t**3 - 7*t**2 - 3*t - 2. Let y(p